*4/4 - j**3 + 5*j**2/2 - 2*j - 78. Is u(1) a prime number?
True
Let j be (409 - -5)*6/4. Let q = j - 358. Let t = q - 172. Is t prime?
False
Suppose -5*z + b - 50 = 0, -4*z - 4*b + 3 - 19 = 0. Let u = -8 - z. Is ((-9268)/(-56))/(u/10) composite?
True
Let u(o) = 5*o**2 - 10*o - 6. Suppose 10 = 9*l - 17. Suppose 0 = -l*k + 2*d + 49, 0 = 4*k - 6*k - 2*d + 16. Is u(k) a prime number?
True
Let l(k) = -48*k - 4 + 14 + 7. Let n = 1906 - 1914. Is l(n) a prime number?
True
Suppose 4*l + l - 25 = 0. Let n be (-1)/((-6)/4) - (-292423)/93. Suppose 0 = -l*w - 7*d + 2*d + n, 0 = -3*w - d + 1895. Is w a composite number?
True
Let z(k) = 246*k**2 - 66*k + 1145. Is z(24) composite?
False
Suppose -12*w = -447954 + 17022. Is w a composite number?
False
Let h(r) = -2438*r - 1. Let a be 2 - (-19 + 1) - -3. Let l = 22 - a. Is h(l) composite?
False
Suppose 88844*l - 369103 = 88837*l. Is l prime?
False
Let m(j) = 362*j - 1849. Is m(75) a composite number?
False
Let z(n) = -n**3 - 19*n**2 - 20*n - 37. Let p be z(-18). Let x(i) = -24061*i + 10. Is x(p) a prime number?
True
Let l be 15*(-1 - 15/(-9)). Suppose -3*f + l = 5*a, f - 4 = -2*a - 0. Is (-2 - (-3321)/6)*a composite?
False
Let b(k) = 2*k**2 - 18*k + 43. Let q be b(4). Let i(m) = 4980*m - 151. Is i(q) prime?
False
Let s(m) = 8978*m**3 + 2*m**2 - 3*m - 5. Is s(2) a prime number?
True
Let p(i) = -475*i**3 + 2*i**2 + 43*i + 3. Let g(a) = -237*a**3 + a**2 + 22*a + 1. Let v(n) = -7*g(n) + 4*p(n). Is v(-4) a prime number?
True
Suppose 162 = 65*n - 83*n. Let k(j) = -1969*j - 154. Is k(n) a prime number?
False
Let i(n) = 9686*n - 230. Is i(8) composite?
True
Suppose 595858 + 64110 + 1494780 = 124*k. Is k composite?
False
Suppose -123*t = -146*t + 184. Is -8 + (t - (-3676)/4) a prime number?
True
Let x(q) = 626*q + 54. Let f be x(11). Suppose 11*o = 31*o - f. Is o a composite number?
False
Let t(j) = 16*j**2 - 118*j + 141. Is t(77) a composite number?
True
Suppose 0 = -8*k - 0*k + 8. Let s(j) = 1304*j - 4. Let r be s(k). Suppose 4*u = 5*z + 3*u - r, 0 = 2*z + 5*u - 493. Is z a composite number?
True
Let a(q) be the third derivative of q**6/120 - 4*q**5/15 - 7*q**4/12 + 8*q**3/3 - q**2. Suppose -421*s - 119 = -428*s. Is a(s) prime?
True
Is 15/40 - 1511247/(-24) composite?
False
Let o(f) = -36*f - 228. Let h be o(59). Let l = -511 - h. Is l a composite number?
True
Let x = 57767 + -25370. Is x a prime number?
False
Let d(o) = 12636*o + 2207. Is d(43) composite?
True
Let t(a) = a**2 - 19*a - 10. Let v be t(13). Is (-11)/v + 16375/8 a prime number?
False
Suppose -65*i - 204170 = -847735. Is i a prime number?
True
Let r(u) = -192*u**3 - 2*u**2 + 2*u + 3. Let h(c) = -c**3 + 1. Let w(f) = 3*h(f) - r(f). Let y be w(2). Is (1 - 12/16)*y composite?
False
Let p(x) = -9927*x - 1427. Is p(-2) composite?
False
Is 3714872/(-84)*(-6)/4 composite?
False
Suppose -14*k + 18154258 = 111*k - 4158367. Is k a composite number?
False
Let x(q) = 2*q. Let d(m) = 5*m + 10. Let i(z) = -2*d(z) + 6*x(z). Let h be i(19). Let o(y) = y**3 - 19*y**2 + 37*y - 13. Is o(h) a prime number?
False
Suppose -31*s - 12 = -37*s. Is 3970/5 + 6/s a prime number?
True
Let q(i) = 357*i**2 - 15*i + 11. Let j be q(-6). Let l = j + -7284. Is l prime?
True
Suppose -4*t = -5*c - 49190, 5*c + t = -t - 49190. Is (-10)/(-2) + (-5 - c) prime?
False
Suppose 7*s - 11*s = 16*s - 673820. Is s a composite number?
True
Let b(y) = 15*y**3 + 14*y**3 - 1 + 5*y**2 - 22*y**2 - 28*y**3 + 2*y. Let v be (1 + 1)*17/2. Is b(v) a prime number?
False
Let i(h) = -308*h + 92. Let p be i(-6). Is p - (-4 + 3)*-1 prime?
False
Let f(d) = 14*d**3 - 8*d**2 + 11*d - 24. Let v be f(4). Suppose 0 = -792*c + v*c + 844. Is c a composite number?
False
Suppose -5*c + n + 11 = -0*n, -14 = -2*c - 2*n. Is c/(-9) + 9 + (-73645)/(-3) a prime number?
False
Suppose -a = -21*l + 22*l - 81740, -l + 5*a + 81758 = 0. Is l prime?
False
Suppose o - 6*o + 2*q - 234 = 0, 5*o + 5*q + 255 = 0. Suppose 0*a - 108 = 4*a - d, 4*a + 3*d = -108. Let k = a - o. Is k prime?
False
Let p = 17187 + -9290. Let o = 5586 - p. Let t = 4746 + o. Is t prime?
False
Suppose -75 = -k + 3*z, -2*k + 4*z - z = -150. Let p(o) = 181*o**2 + 53*o**2 + 7 + k*o**2. Is p(-2) a prime number?
False
Let s = -655904 - -1113793. Is s prime?
True
Suppose 6*n - 33 = -3. Suppose -h - 2*q + 2 = -n, 3*h - 21 = -5*q. Is ((-269)/(-1))/1*h a prime number?
False
Suppose -6 = -2*p + 2. Suppose 2*h = -h + 4*j - 30, p*h + j + 21 = 0. Is ((-5042)/(-3))/(h/(-9)) composite?
False
Suppose 7*o - 503 = 92. Let c = 87 - o. Suppose c*b - 13*b + 16258 = 0. Is b composite?
True
Suppose 75*y - 1588840 = 5433139 + 1850296. Is y a composite number?
False
Suppose k + 14 = -5*z + 1, -5*z + 11 = 3*k. Suppose -k*q + 3*q + 30663 = 0. Is q composite?
False
Suppose 3*z - 21 = 4*w, 27 = z + 3*z - 5*w. Let j(m) = m + 4*m**2 + 19*m - z*m - 5*m**2 + 15. Is j(16) prime?
True
Is (-13*(-5)/260)/((-1)/(-148196)) a composite number?
False
Suppose -11*f + 15*f = 4*t - 4202304, 0 = 2*t + 3*f - 2101157. Is t composite?
True
Let c be (5772/15 - 2)*-5. Is -2 + 5 + (-16 - c) prime?
True
Let b(j) = -2908*j + 107. Let v(c) = c - 13. Let u be v(7). Is b(u) a prime number?
False
Suppose 12*y = 6*y - 8*y. Suppose 7*q - 55928 - 4335 = y. Is q a composite number?
False
Let u(y) = -5*y**3 + 4*y**2 - 8*y - 9. Let w(r) = 14*r**3 - 12*r**2 + 24*r + 27. Let p(d) = 17*u(d) + 6*w(d). Let s be p(-6). Is 6/s + 24025/55 composite?
True
Suppose -5*v - 7 = -2*q - 2*v, 2*q - 4*v = 6. Suppose u = -2*d + 5362, 2*u - 7*u = q*d - 13405. Is d composite?
True
Suppose 0 = 53*n - 110*n + 1148949. Is n prime?
False
Suppose 0 = -8*y - 58 + 82. Suppose 5*q + 1089 = u, -y*q + 8 = -7. Is u a composite number?
True
Suppose -20*o - 26*o - 50*o + 13412832 = 0. Is o composite?
True
Suppose 8*o - 64500 = -2*o. Let i = 19267 - o. Is i a composite number?
True
Suppose 7*d - 5*d - 5*l - 23 = 0, d + 3*l + 5 = 0. Let m be (0 + 19)*-90 + d. Is m/(-3)*195/26 a prime number?
False
Let x(y) = -664*y + 3. Let v be x(6). Let i = 5620 + v. Is i composite?
True
Suppose 0 = 9*h - 57 - 204. Let f(w) = -32 - 66*w + 14*w - h*w. Is f(-5) composite?
False
Let s(d) = -1158*d + 3. Let p be s(-1). Let k = 2176 - p. Let o = k - 257. Is o a composite number?
True
Suppose -3*q - 4*o = -o - 36, 5*o + 12 = 4*q. Let n(g) = 7*g**2 + 33*g - 15. Is n(q) prime?
False
Let x(v) = -3*v**3 + 5*v**2 + 7*v + 1. Let h(a) = a**2 + a. Let c(g) = -4*h(g) + x(g). Let o be c(-1). Is (190/20)/(o/68) prime?
False
Let s = -25 + 32. Let v(u) = -u**3 + 6*u**2 + 5*u + 8. Let m be v(s). Let w(a) = 8*a**2 - 4*a + 11. Is w(m) a composite number?
True
Let k(l) = 34*l - l**3 + 9*l**3 - 8*l**3 + l**3 - 25*l**2 - 53. Is k(28) a composite number?
False
Let r(k) be the first derivative of 784*k**3/3 - 23*k**2/2 + 109*k - 293. Is r(6) a composite number?
True
Let i = 99 + -93. Suppose -s + i*s = -5405. Let l = 2802 + s. Is l prime?
True
Let o be (23422 - 2)*(-8)/(-10). Suppose 4*x + 5*q = 2*x + 9375, 0 = -4*x + 4*q + o. Is x a composite number?
True
Let z = 2858387 + -1681378. Is z a composite number?
False
Let v(x) = -7*x**3 + 24*x**2 - 110*x + 311. Is v(-32) composite?
False
Is (35 - 34)*(-5 + -674789)/(-2) prime?
True
Let u(d) = -3 + 38*d**2 - 10*d**2 + 0. Suppose 36 = 4*y + 4*t, 3*y - 5*y + 2*t = 2. Is u(y) composite?
True
Let k = 3548 - 392. Suppose -k = -30*m + 26*m. Is m prime?
False
Let d = -2530 - -2537. Suppose q = 4*q + 2076. Is 0 + q/(-6) + d/(-21) a composite number?
True
Is 17/51 - ((-135977)/6 - (-2)/12) a prime number?
False
Suppose -388 = -2*l - 2*v, 3*v = 4*l - 215 - 540. Suppose -4528 - 2375 = 59*y. Let u = y + l. Is u a prime number?
False
Let a = -106 - -110. Suppose s + 5*x + 10241 = 5*s, -a*x = -3*s + 7682. Is s a composite number?
True
Suppose -u + 3*h - 6 + 25 = 0, -2*u + 3*h = -23. Suppose -3*l - 4*w + 10962 = 2*l, -u*l + w = -8778. Let s = -1329 + l. Is s a prime number?
False
Let s = 38 + -33. Let q(c) = 27*c**2 - c - 27. Let m(b) = 13*b**2 - 13. Let w(y) = s*m(y) - 2*q(y). Is w(-6) prime?
True
Suppose -2*j - 3*x + 50977 = 650676, -3*j - 5*x - 899551 = 0. Is j/(-34) + 2/17 prime?
True
Suppose 71 = 3*g - 76. Let i be g/7 - (-2 + 3). Suppose -i*b = -11*b + 1115. Is b composite?
False
Let z be (-950)/8*(-160)/30*3. Is (-1 - z)*(-23)/23 + 0 a prime number?
True
Let j = -139 